{"id":1328,"date":"2018-07-12T12:01:13","date_gmt":"2018-07-12T12:01:13","guid":{"rendered":"http:\/\/www.flachpass.net\/?page_id=1328"},"modified":"2024-06-19T15:44:13","modified_gmt":"2024-06-19T13:44:13","slug":"fotoalbum-kroatien-england","status":"publish","type":"page","link":"http:\/\/www.flachpass.net\/index.php\/fotoalbum-kroatien-england\/","title":{"rendered":"Fotoalbum Kroatien &#8211; England"},"content":{"rendered":"<p>Fotos aus dem English Pub &#8220;The Kings Arms&#8221;, N\u00fcrnberg, und von den anschlie\u00dfenden Feierlichkeiten der kroatischen Fans am N\u00fcrnberger Pl\u00e4rrer.<\/p>\nngg_shortcode_0_placeholder\n","protected":false},"excerpt":{"rendered":"<div class=\"mh-excerpt\"><p>Fotos aus dem English Pub &#8220;The Kings Arms&#8221;, N\u00fcrnberg, und von den anschlie\u00dfenden Feierlichkeiten der kroatischen Fans am N\u00fcrnberger Pl\u00e4rrer. &#8221; order_by=&#8221;sortorder&#8221; order_direction=&#8221;ASC&#8221; returns=&#8221;included&#8221; maximum_entity_count=&#8221;500&#8243;]<\/p>\n<\/div>","protected":false},"author":1,"featured_media":0,"parent":0,"menu_order":0,"comment_status":"closed","ping_status":"closed","template":"","meta":{"ngg_post_thumbnail":0,"footnotes":""},"class_list":["post-1328","page","type-page","status-publish","hentry"],"_links":{"self":[{"href":"http:\/\/www.flachpass.net\/index.php\/wp-json\/wp\/v2\/pages\/1328"}],"collection":[{"href":"http:\/\/www.flachpass.net\/index.php\/wp-json\/wp\/v2\/pages"}],"about":[{"href":"http:\/\/www.flachpass.net\/index.php\/wp-json\/wp\/v2\/types\/page"}],"author":[{"embeddable":true,"href":"http:\/\/www.flachpass.net\/index.php\/wp-json\/wp\/v2\/users\/1"}],"replies":[{"embeddable":true,"href":"http:\/\/www.flachpass.net\/index.php\/wp-json\/wp\/v2\/comments?post=1328"}],"version-history":[{"count":3,"href":"http:\/\/www.flachpass.net\/index.php\/wp-json\/wp\/v2\/pages\/1328\/revisions"}],"predecessor-version":[{"id":1366,"href":"http:\/\/www.flachpass.net\/index.php\/wp-json\/wp\/v2\/pages\/1328\/revisions\/1366"}],"wp:attachment":[{"href":"http:\/\/www.flachpass.net\/index.php\/wp-json\/wp\/v2\/media?parent=1328"}],"curies":[{"name":"wp","href":"https:\/\/api.w.org\/{rel}","templated":true}]}}