{"id":1543,"date":"2022-11-30T15:13:35","date_gmt":"2022-11-30T15:13:35","guid":{"rendered":"http:\/\/www.flachpass.net\/?page_id=1543"},"modified":"2024-06-17T23:32:09","modified_gmt":"2024-06-17T21:32:09","slug":"ueber-den-autor","status":"publish","type":"page","link":"http:\/\/www.flachpass.net\/index.php\/ueber-den-autor\/","title":{"rendered":"\u00dcber den Autor"},"content":{"rendered":"<p><img loading=\"lazy\" decoding=\"async\" class=\"aligncenter size-full wp-image-2135\" src=\"http:\/\/www.flachpass.net\/wp-content\/uploads\/2024\/06\/ueber_den_autor-1-e1718659919211.jpg\" alt=\"\" width=\"600\" height=\"339\"><\/p>\n<p style=\"text-align: center;\">&nbsp;<\/p>\n<table id=\"Tabelle1\" border=\"1\" width=\"100%\" cellspacing=\"3\" cellpadding=\"1\">\n<tbody>\n<tr>\n<td width=\"271\">Name:<\/td>\n<td width=\"271\">Christian Alexander Kirsch<\/td>\n<\/tr>\n<tr>\n<td>Geburtstag:<\/td>\n<td>13.11.1981<\/td>\n<\/tr>\n<tr>\n<td>Wohnort:<\/td>\n<td>N\u00fcrnberg<\/td>\n<\/tr>\n<tr>\n<td>Lieblingsstadt:<\/td>\n<td>Oche<\/td>\n<\/tr>\n<tr>\n<td>T\u00e4tigkeit:<\/td>\n<td>Dipl.-Kaufmann in der Softwareentwicklung<\/td>\n<\/tr>\n<tr>\n<td>Hobbies:<\/td>\n<td>Fu\u00dfball, Literatur, Musik, Internet<\/td>\n<\/tr>\n<tr>\n<td>Lieblingsvereine:<\/td>\n<td>Alemannia Aachen &#8211; mein Stolz und meine Liebe; des Weiteren Sympathien f\u00fcr Borussia Dortmund, Olympique de Marseille, AS Rom und FC Liverpool<\/td>\n<\/tr>\n<tr>\n<td>Kontakt:<\/td>\n<td><u><span id=\"cloak10451fd72b2d28451e5971487e03ffe8\"><\/span><\/u><u><span style=\"color: #0000ff;\"><a href=\"mailto:info@flachpass.net\">info@flachpass.net<\/a><\/span><\/u><\/td>\n<\/tr>\n<\/tbody>\n<\/table>\n","protected":false},"excerpt":{"rendered":"<div class=\"mh-excerpt\"><p>&nbsp; Name: Christian Alexander Kirsch Geburtstag: 13.11.1981 Wohnort: N\u00fcrnberg Lieblingsstadt: Oche T\u00e4tigkeit: Dipl.-Kaufmann in der Softwareentwicklung Hobbies: Fu\u00dfball, Literatur, Musik, Internet Lieblingsvereine: Alemannia Aachen &#8211; <a class=\"mh-excerpt-more\" href=\"http:\/\/www.flachpass.net\/index.php\/ueber-den-autor\/\" title=\"\u00dcber den Autor\">[&#8230;]<\/a><\/p>\n<\/div>","protected":false},"author":1,"featured_media":0,"parent":0,"menu_order":0,"comment_status":"closed","ping_status":"closed","template":"","meta":{"ngg_post_thumbnail":0,"footnotes":""},"class_list":["post-1543","page","type-page","status-publish","hentry"],"_links":{"self":[{"href":"http:\/\/www.flachpass.net\/index.php\/wp-json\/wp\/v2\/pages\/1543"}],"collection":[{"href":"http:\/\/www.flachpass.net\/index.php\/wp-json\/wp\/v2\/pages"}],"about":[{"href":"http:\/\/www.flachpass.net\/index.php\/wp-json\/wp\/v2\/types\/page"}],"author":[{"embeddable":true,"href":"http:\/\/www.flachpass.net\/index.php\/wp-json\/wp\/v2\/users\/1"}],"replies":[{"embeddable":true,"href":"http:\/\/www.flachpass.net\/index.php\/wp-json\/wp\/v2\/comments?post=1543"}],"version-history":[{"count":10,"href":"http:\/\/www.flachpass.net\/index.php\/wp-json\/wp\/v2\/pages\/1543\/revisions"}],"predecessor-version":[{"id":2136,"href":"http:\/\/www.flachpass.net\/index.php\/wp-json\/wp\/v2\/pages\/1543\/revisions\/2136"}],"wp:attachment":[{"href":"http:\/\/www.flachpass.net\/index.php\/wp-json\/wp\/v2\/media?parent=1543"}],"curies":[{"name":"wp","href":"https:\/\/api.w.org\/{rel}","templated":true}]}}