{"id":1615,"date":"2022-12-02T12:14:26","date_gmt":"2022-12-02T12:14:26","guid":{"rendered":"http:\/\/www.flachpass.net\/?page_id=1615"},"modified":"2022-12-02T12:14:26","modified_gmt":"2022-12-02T12:14:26","slug":"literarisches","status":"publish","type":"page","link":"https:\/\/www.flachpass.net\/index.php\/literarisches\/","title":{"rendered":"Literarisches"},"content":{"rendered":"<p>Auf meinen fr\u00fcheren WM-Seiten gab es auch immer eine Rubrik &#8220;Literarisches&#8221;, in der ich auf verschiedene Fu\u00dfballb\u00fccher allgemein oder auch spezielle zu Weltmeisterschaften hingewiesen hatte.<\/p>\n<p>Da es nun keine Seite zur WM gibt, verlinke ich auf B\u00fccher \u00fcber belgisches Bier (die ich selbst aber noch nicht gelesen habe).<\/p>\n<p><img loading=\"lazy\" decoding=\"async\" class=\"aligncenter wp-image-1616 size-full\" src=\"http:\/\/www.flachpass.net\/wp-content\/uploads\/2022\/12\/Buch1-e1669983076225.jpg\" alt=\"\" width=\"400\" height=\"510\" srcset=\"https:\/\/www.flachpass.net\/wp-content\/uploads\/2022\/12\/Buch1-e1669983076225.jpg 400w, https:\/\/www.flachpass.net\/wp-content\/uploads\/2022\/12\/Buch1-e1669983076225-235x300.jpg 235w\" sizes=\"(max-width: 400px) 100vw, 400px\" \/><\/p>\n<p><strong>Bildband &#8220;Belgische Trappisten- &amp; Abteibiere&#8221;<\/strong><\/p>\n<p>Dieser einmalige Bildband bietet eine gelungene \u00dcbersicht von 34 &#8211; bekannten und weniger bekannten &#8211; belgischen Trappisten- und Abteibiere! Wie und wo entstehen diese einmaligen Biere? Wie unterscheiden sich die einzelnen Biersorten? Welche Besonderheit versteckt sich hinter jedem einzelnen Bier? Der Autor Jef Van den Steen ist Bierexperte und ein gefragter Kenner in dieser spannenden Materie. Er stellt die Menschen vor &#8211; die M\u00f6nche der Trappistengemeinschaft und die Mitarbeiter der Brauereien -, die jedes Rezept bis ins kleinste Detail ausgearbeitet und die Produktausstattung im Laufe der Zeit weiterentwickelt haben. Die Fotos von Andrew Verschetze sind eine echte Bereicherung und gew\u00e4hren einen Blick hinter die Kulissen, in die &#8220;heiligen&#8221; und nicht immer zug\u00e4nglichen R\u00e4ume, dort wo die Biere liebevoll hergestellt werden. Ein spannendes und informatives Buch, das am besten zu einem leckeren Trappisten- oder Abteibier sowie M\u00f6nchsk\u00e4se (Paterkaas) passt. Ein Sonderteil widmet sich den zahlreichen Bierbrauern aus dem Osten Belgiens!<\/p>\n<p>ISBN: 978-3867121484<\/p>\n<p><a href=\"https:\/\/www.belgoshop.de\/p\/bildband-belgische-trappisten-und-abteibiere\" target=\"_blank\" rel=\"noopener\">Bestellm\u00f6glichkeit<\/a><\/p>\n<p><img loading=\"lazy\" decoding=\"async\" class=\"aligncenter size-full wp-image-1617\" src=\"http:\/\/www.flachpass.net\/wp-content\/uploads\/2022\/12\/Buch2-e1669983118365.jpg\" alt=\"\" width=\"300\" height=\"452\" srcset=\"https:\/\/www.flachpass.net\/wp-content\/uploads\/2022\/12\/Buch2-e1669983118365.jpg 300w, https:\/\/www.flachpass.net\/wp-content\/uploads\/2022\/12\/Buch2-e1669983118365-199x300.jpg 199w\" sizes=\"(max-width: 300px) 100vw, 300px\" \/><\/p>\n<p><strong>Unterwegs auf den Spuren des belgischen Bieres<\/strong><\/p>\n<p>Spricht man von der Vielfalt Belgiens, so ist immer auch vom Reichtum der belgischen Bierkultur die Rede. Ob in winzigen K\u00fcchenbrauereien oder in den Gem\u00e4uern Jahrhunderte alter Brauereien. Ob in Kl\u00f6stern, ob in hoch modernisierten Betrieben oder in riesigen Industrieanlagen \u2013 \u00fcberall folgt man einer Tradition, die urbelgisch ist und die erhalten und gepflegt wird. Zur Freude auch der Besucher, denn nicht wenige Brauereien laden G\u00e4ste ein, hinter die Kulissen der Braukunst zu schauen.<\/p>\n<p>19 Routenvorschl\u00e4ge&nbsp;durch Belgien laden zum Entdecken ein und stellen das ganze Spektrum der belgischen Brauereien vor \u2013 mit allen ihren Eigenarten und nat\u00fcrlich dem Bier. Das Buch blickt tief in die Urspr\u00fcnge des Bierbrauens und schildert ihre Entwicklung \u2013 interpretiert von den heutigen Protagonisten dieser Kultur: von Bierbrauern und Biertrinkern. Nat\u00fcrlich fehlen auch die Adressen von Insider-Kneipen nicht, von speziellen Souvenirl\u00e4den und von H\u00e4ndlern, die \u00fcber die Grenzen hinweg liefern. Kochrezepte verfeinern die Exkurse, die jeweiligen Internetadressen erleichtern die Vorbereitung der Reise.<\/p>\n<p>ISBN: 978-9054332015<\/p>\n<p><a href=\"https:\/\/www.belgoshop.de\/p\/unterwegs-auf-den-spuren-des-belgischen-bieres\" target=\"_blank\" rel=\"noopener\">Bestellm\u00f6glichkeit<\/a><\/p>\n","protected":false},"excerpt":{"rendered":"<div class=\"mh-excerpt\"><p>Auf meinen fr\u00fcheren WM-Seiten gab es auch immer eine Rubrik &#8220;Literarisches&#8221;, in der ich auf verschiedene Fu\u00dfballb\u00fccher allgemein oder auch spezielle zu Weltmeisterschaften hingewiesen hatte. <a class=\"mh-excerpt-more\" href=\"https:\/\/www.flachpass.net\/index.php\/literarisches\/\" title=\"Literarisches\">[&#8230;]<\/a><\/p>\n<\/div>","protected":false},"author":1,"featured_media":0,"parent":0,"menu_order":0,"comment_status":"closed","ping_status":"closed","template":"","meta":{"ngg_post_thumbnail":0,"footnotes":""},"class_list":["post-1615","page","type-page","status-publish","hentry"],"_links":{"self":[{"href":"https:\/\/www.flachpass.net\/index.php\/wp-json\/wp\/v2\/pages\/1615"}],"collection":[{"href":"https:\/\/www.flachpass.net\/index.php\/wp-json\/wp\/v2\/pages"}],"about":[{"href":"https:\/\/www.flachpass.net\/index.php\/wp-json\/wp\/v2\/types\/page"}],"author":[{"embeddable":true,"href":"https:\/\/www.flachpass.net\/index.php\/wp-json\/wp\/v2\/users\/1"}],"replies":[{"embeddable":true,"href":"https:\/\/www.flachpass.net\/index.php\/wp-json\/wp\/v2\/comments?post=1615"}],"version-history":[{"count":1,"href":"https:\/\/www.flachpass.net\/index.php\/wp-json\/wp\/v2\/pages\/1615\/revisions"}],"predecessor-version":[{"id":1618,"href":"https:\/\/www.flachpass.net\/index.php\/wp-json\/wp\/v2\/pages\/1615\/revisions\/1618"}],"wp:attachment":[{"href":"https:\/\/www.flachpass.net\/index.php\/wp-json\/wp\/v2\/media?parent=1615"}],"curies":[{"name":"wp","href":"https:\/\/api.w.org\/{rel}","templated":true}]}}