{"id":1936,"date":"2024-06-07T14:48:47","date_gmt":"2024-06-07T12:48:47","guid":{"rendered":"https:\/\/www.flachpass.net\/?page_id=1936"},"modified":"2024-06-11T01:10:05","modified_gmt":"2024-06-10T23:10:05","slug":"historie","status":"publish","type":"page","link":"https:\/\/www.flachpass.net\/index.php\/historie\/","title":{"rendered":"Historie"},"content":{"rendered":"<h3><span style=\"font-family: Arial, Helvetica, Geneva, sans-serif, sans-serif;\">Bisherige Europameister<\/span><\/h3>\n<p><span style=\"font-family: Arial, Helvetica, Geneva, sans-serif, sans-serif;\">Alle Europameister seit 1960:<\/span><\/p>\n<p><span style=\"font-family: Arial, Helvetica, Geneva, sans-serif, sans-serif;\">1960 in Frankreich: Soffjettunion<br \/>\n1964 in Spanien: Spanien<br \/>\n1968 in Italien: Italien<br \/>\n1972 in Belgien: Deutschland<br \/>\n1976 in Jugoslawien: Tschechoslowakei<br \/>\n1980 in Italien: Deutschland<br \/>\n1984 in Frankreich: Frankreich<br \/>\n1988 in Deutschland: Niederlande<br \/>\n1992 in Schweden: D\u00e4nemark<br \/>\n1996 in England: Deutschland<br \/>\n2000 in Niederlande \/ Belgien: Frankreich<br \/>\n2004 in Portugal: Griechenland<br \/>\n2008 in \u00d6sterreich \/ Schweiz: Spanien<br \/>\n2012 in Polen \/ Ukraine: Spanien<br \/>\n2016 in Frankreich: Portugal<br \/>\n2020 (bzw. 2021) in ganz Europa: Italien<\/span><\/p>\n<h3>&nbsp;<\/h3>\n<h3><span style=\"font-family: Arial, Helvetica, Geneva, sans-serif, sans-serif;\"><span class=\"bandname\">Die Maskottchen<\/span><\/span><\/h3>\n<p><span style=\"font-family: Arial, Helvetica, Geneva, sans-serif, sans-serif;\">1980 (Italien): Pinocchio (Holzpuppe mit langer gr\u00fcn-wei\u00df-roter Nase)<br \/>\n1984 (Frankreich): Peno (Hahn)<br \/>\n1988 (Deutschland): Berni (Hase)<br \/>\n1992 (Schweden): Kaninchen (hie\u00df auch so, hatte aber starke \u00c4hnlichkeit mit Berni vier Jahre zuvor)<br \/>\n1996 (England): Goal-iath (L\u00f6we)<br \/>\n2000 (Niederlande \/ Belgien): Benelucky (Teufel)<br \/>\n2004 (Portugal): Kina (Dorfjunge)<br \/>\n2008 (\u00d6sterreich \/ Schweiz): Trix und Flix (Fix und Foxi Abklatsch)<br \/>\n2012 (Polen \/ Ukraine): Slavek&nbsp;und Slavko (zwei Trolle auf LSD)<br \/>\n2016 (Frankreich): Super Victor (kleiner Junge im Trikot der Equipe Tricolore)<br \/>\n2020 (bzw. 2021; in ganz Europa): Skillzy (ein junger Freestyling-Fu\u00dfballer)<br \/>\n2024 (Deutschland): Alb\u00e4rt (ein putziger kleiner B\u00e4r, der anders als der Pl\u00fcsch-L\u00f6we Goleo VI. bei der WM 2006 eine Hose tr\u00e4gt)<\/span><\/p>\n<p><span style=\"font-family: Arial, Helvetica, Geneva, sans-serif, sans-serif;\">Bilder zu den Maskottchen gibt es auf der <a href=\"https:\/\/fr.uefa.com\/euro2024\/news\/0253-0d7c95ca5ca3-390bb5eebfb2-1000--die-wunderbare-welt-der-em-maskottchen\/\" target=\"_blank\" rel=\"noopener\">offiziellen UEFA-Seite<\/a>.<\/span><\/p>\n<p>&nbsp;<\/p>\n<h3><span style=\"font-family: Arial, Helvetica, Geneva, sans-serif, sans-serif;\"><span class=\"bandname\">Trikot-Historie<\/span><\/span><\/h3>\n<p><img loading=\"lazy\" decoding=\"async\" class=\"aligncenter size-full wp-image-1938\" src=\"http:\/\/www.flachpass.net\/wp-content\/uploads\/2024\/06\/Trikothistorie-e1717766651910.jpg\" alt=\"\" width=\"500\" height=\"500\"><\/p>\n<p style=\"text-align: center;\"><span style=\"font-family: Arial, Helvetica, Geneva, sans-serif, sans-serif;\">1965 &#8211; 2018<br \/>\n<\/span><\/p>\n<p><img loading=\"lazy\" decoding=\"async\" class=\"aligncenter size-full wp-image-1945\" src=\"http:\/\/www.flachpass.net\/wp-content\/uploads\/2024\/06\/adidas-deutschland-heimtrikot-2020-e1718020357485.jpg\" alt=\"\" width=\"296\" height=\"400\"><\/p>\n<p style=\"text-align: center;\"><span style=\"font-family: Arial, Helvetica, Geneva, sans-serif, sans-serif;\">EURO 2020<\/span><\/p>\n<p><img loading=\"lazy\" decoding=\"async\" class=\"aligncenter size-full wp-image-1946\" src=\"http:\/\/www.flachpass.net\/wp-content\/uploads\/2024\/06\/adidas-deutschland-heimtrikot-2022-e1718020441847.jpg\" alt=\"\" width=\"400\" height=\"400\"><\/p>\n<p style=\"text-align: center;\"><span style=\"font-family: Arial, Helvetica, Geneva, sans-serif, sans-serif;\">WM 2022<\/span><\/p>\n<p><img loading=\"lazy\" decoding=\"async\" class=\"aligncenter size-full wp-image-1947\" src=\"http:\/\/www.flachpass.net\/wp-content\/uploads\/2024\/06\/adidas-deutschland-heimtrikot-2024-e1718020639861.jpg\" alt=\"\" width=\"400\" height=\"400\"><\/p>\n<p style=\"text-align: center;\"><span style=\"font-family: Arial, Helvetica, Geneva, sans-serif, sans-serif;\">EURO 2024<\/span><\/p>\n","protected":false},"excerpt":{"rendered":"<div class=\"mh-excerpt\"><p>Bisherige Europameister Alle Europameister seit 1960: 1960 in Frankreich: Soffjettunion 1964 in Spanien: Spanien 1968 in Italien: Italien 1972 in Belgien: Deutschland 1976 in Jugoslawien: <a class=\"mh-excerpt-more\" href=\"https:\/\/www.flachpass.net\/index.php\/historie\/\" title=\"Historie\">[&#8230;]<\/a><\/p>\n<\/div>","protected":false},"author":1,"featured_media":0,"parent":0,"menu_order":0,"comment_status":"closed","ping_status":"closed","template":"","meta":{"ngg_post_thumbnail":0,"footnotes":""},"class_list":["post-1936","page","type-page","status-publish","hentry"],"_links":{"self":[{"href":"https:\/\/www.flachpass.net\/index.php\/wp-json\/wp\/v2\/pages\/1936"}],"collection":[{"href":"https:\/\/www.flachpass.net\/index.php\/wp-json\/wp\/v2\/pages"}],"about":[{"href":"https:\/\/www.flachpass.net\/index.php\/wp-json\/wp\/v2\/types\/page"}],"author":[{"embeddable":true,"href":"https:\/\/www.flachpass.net\/index.php\/wp-json\/wp\/v2\/users\/1"}],"replies":[{"embeddable":true,"href":"https:\/\/www.flachpass.net\/index.php\/wp-json\/wp\/v2\/comments?post=1936"}],"version-history":[{"count":7,"href":"https:\/\/www.flachpass.net\/index.php\/wp-json\/wp\/v2\/pages\/1936\/revisions"}],"predecessor-version":[{"id":1993,"href":"https:\/\/www.flachpass.net\/index.php\/wp-json\/wp\/v2\/pages\/1936\/revisions\/1993"}],"wp:attachment":[{"href":"https:\/\/www.flachpass.net\/index.php\/wp-json\/wp\/v2\/media?parent=1936"}],"curies":[{"name":"wp","href":"https:\/\/api.w.org\/{rel}","templated":true}]}}